ommon divisor of 142136 and 832760?
872
Calculate the highest common factor of 44 and 6443602.
22
What is the highest common divisor of 39 and 22180353?
39
Calculate the highest common factor of 65601 and 1035432.
1773
Calculate the highest common factor of 46 and 119886442.
46
What is the greatest common divisor of 1187241 and 120021?
33
Calculate the greatest common factor of 24709245 and 1012.
253
Calculate the highest common factor of 8756 and 6144028.
44
Calculate the greatest common divisor of 41016 and 2477.
1
Calculate the highest common divisor of 281930 and 147015.
605
Calculate the greatest common factor of 312 and 938444.
52
What is the highest common divisor of 15952 and 272?
16
What is the greatest common divisor of 6149 and 2285063?
473
Calculate the greatest common factor of 353360 and 42880.
80
Calculate the greatest common factor of 12878110 and 30.
10
What is the highest common divisor of 3696 and 7343476?
28
Calculate the greatest common factor of 945 and 3085965.
135
Calculate the greatest common divisor of 119854152 and 28864.
3608
What is the highest common divisor of 3232 and 13833566?
202
What is the highest common divisor of 274218 and 3858?
6
Calculate the highest common factor of 32355 and 5679.
9
What is the highest common factor of 339 and 7172223?
339
What is the highest common divisor of 19 and 119764961?
19
Calculate the greatest common divisor of 2849150 and 2450.
50
Calculate the highest common divisor of 245622 and 2559936.
402
Calculate the highest common divisor of 15 and 166194345.
15
Calculate the highest common divisor of 6738209 and 386.
193
Calculate the highest common divisor of 8442294 and 966.
42
Calculate the highest common divisor of 256860 and 322965.
45
What is the greatest common divisor of 1232354418 and 618?
618
What is the highest common factor of 144 and 3420558?
18
Calculate the greatest common factor of 610472 and 2833160.
1096
What is the greatest common factor of 60366486 and 11898?
3966
What is the highest common factor of 992 and 27245440?
32
What is the greatest common factor of 47225 and 2648378?
1889
Calculate the greatest common factor of 3516542 and 982.
982
What is the greatest common divisor of 27 and 3099174?
3
What is the greatest common factor of 33 and 6339344?
11
Calculate the highest common factor of 380436 and 548898.
294
Calculate the greatest common factor of 503438 and 36046.
134
Calculate the greatest common factor of 64708449 and 85137.
1443
Calculate the highest common divisor of 27695170 and 2034.
226
What is the highest common factor of 773680 and 5126960?
1520
Calculate the greatest common factor of 28 and 24872036.
28
What is the highest common factor of 92 and 19508692?
92
Calculate the highest common factor of 23505224 and 764.
764
What is the greatest common factor of 6316 and 121794586?
3158
Calculate the highest common factor of 34139 and 40201111.
4877
What is the highest common factor of 1328 and 2430738?
166
Calculate the greatest common factor of 238 and 71358.
14
Calculate the greatest common factor of 60032 and 149142.
938
What is the highest common factor of 4269562 and 198?
22
Calculate the highest common divisor of 527583 and 252006.
291
Calculate the greatest common factor of 13192 and 23203176.
776
What is the highest common factor of 1295560 and 210?
70
Calculate the greatest common factor of 18444 and 19140.
348
What is the highest common divisor of 10 and 443887220?
10
What is the greatest common divisor of 459 and 1947163?
17
Calculate the greatest common factor of 113825 and 4263.
29
Calculate the highest common divisor of 339300 and 229970.
3770
What is the greatest common factor of 390033 and 5229?
63
What is the greatest common factor of 5433885 and 15570?
45
What is the greatest common divisor of 10073970 and 2430?
810
What is the greatest common factor of 245 and 346255?
35
What is the highest common divisor of 3672620 and 34780?
740
What is the highest common divisor of 216010 and 7640?
10
Calculate the highest common divisor of 464 and 43053893.
29
Calculate the highest common divisor of 15778200 and 2.
2
What is the highest common factor of 19 and 51602689?
19
What is the highest common factor of 224293 and 5275?
211
Calculate the greatest common factor of 861 and 861609.
21
What is the highest common factor of 4 and 9690700?
4
Calculate the greatest common divisor of 42640 and 3145360.
80
What is the highest common divisor of 31496 and 1373124?
508
Calculate the greatest common divisor of 20290 and 13408.
2
Calculate the greatest common divisor of 48625049 and 3179.
187
What is the highest common factor of 3131360845 and 1315?
1315
What is the highest common divisor of 289083 and 53976?
519
Calculate the greatest common factor of 5721662 and 362854.
866
What is the greatest common divisor of 775071 and 243?
9
Calculate the highest common divisor of 6913 and 4413616.
223
Calculate the highest common factor of 372 and 8522613.
93
What is the greatest common factor of 34935324 and 85188?
2748
What is the highest common factor of 13208636 and 147?
49
What is the highest common divisor of 15 and 873799680?
15
Calculate the highest common divisor of 82 and 33411023.
41
Calculate the highest common divisor of 1766934 and 12285.
351
What is the highest common factor of 696681491 and 22?
11
What is the highest common factor of 12 and 104497044?
12
What is the greatest common factor of 19151 and 740971?
11
What is the greatest common factor of 6814118 and 81098?
1886
What is the highest common divisor of 792 and 1763028?
36
Calculate the highest common divisor of 591 and 83372173.
197
Calculate the highest common factor of 1334711664 and 594.
198
What is the highest common divisor of 1380753 and 7128?
297
Calculate the highest common factor of 5609340 and 324.
36
What is the highest common divisor of 12530 and 447710?
10
What is the greatest common divisor of 2215890 and 411945?
435
Calculate the highest common divisor of 46 and 1875006.
46
What is the greatest common factor of 21514 and 261144?
62
What is the greatest common factor of 472 and 14282248?
472
Calculate the highest common factor of 194668 and 120.
4
What is the highest common divisor of 739975 and 53775?
25
What is the greatest common divisor of 6652884 and 12684?
84
What is the highest common factor of 18 and 124560438?
6
What is the highest common factor of 397650 and 28974?
66
What is the greatest common factor of 50949334 and 214?
214
What is the highest common divisor of 2222 and 145401014?
2222
Calculate the greatest common factor of 76548223 and 489.
163
What is the highest common divisor of 7 and 3402371?
7
What is the highest common divisor of 150511 and 82?
41
Calculate the highest common divisor of 1168 and 6509848.
584
Calculate the highest common divisor of 2033430 and 3036.
138
Calculate the highest common factor of 795 and 7241655.
795
What is the greatest common divisor of 3241420 and 5343?
1781
What is the greatest common factor of 1125360 and 1518480?
2160
What is the highest common factor of 18742048 and 48?
16
Calculate the highest common factor of 12291213 and 1793.
11
Calculate the greatest common divisor of 3366943 and 688.
43
Calculate the greatest common factor of 11415463 and 4.
1
Calculate the highest common divisor of 139520 and 120320.
1280
Calculate the highest common divisor of 2418544 and 2832.
16
Calculate the greatest common divisor of 192185 and 2755.
95
What is the greatest common factor of 9828480 and 144?
48
What is the highest common factor of 63891 and 147024?
9
What is the highest common factor of 28 and 6891962?
14
Calculate the greatest common divisor of 62548 and 551000.
76
What is the greatest common divisor of 1 and 7354532?
1
What is the greatest common factor of 117 and 21702733?
13
Calculate the greatest common divisor of 240715 and 3937.
31
What is the highest common factor of 289 and 19157?
1
What is the greatest common divisor of 1056 and 39975232?
352
Calculate the highest common factor of 16592 and 2001308.
68
What is the highest common factor of 3514 and 168540978?
502
Calculate the greatest common divisor of 2417534 and 42.
14
Calculate the greatest common factor of 480653024 and 146.
146
Calculate the greatest commo